hat is the tens digit of 22/2 + 3/y?
1
What is the hundreds digit of 217*(-4)/(-8 + 4)?
2
Let o be 4 - (-12)/(-2) - -78. Suppose -4*s - 2*c = -266, 2*s - o - 62 = -2*c. What is the tens digit of s?
6
Suppose -x - 5*z = -4*x + 63, 0 = 3*x - z - 51. Suppose 0 = -0*t + t + x. Let h = 31 + t. What is the tens digit of h?
1
Let v(o) = -5*o**3 - 2*o**2 - 6*o - 3. Let m = 46 + -49. What is the hundreds digit of v(m)?
1
Suppose 19*j = 13*j + 1176. Let l = -82 + j. What is the tens digit of l?
1
Let d(c) = -c**2 + 9*c - 13. Suppose -5*i = p - 7 + 2, 0 = i + p + 3. Let o be 6*(0 + 3 - i). What is the units digit of d(o)?
5
Let k(n) = n**3 + 20*n**2 - 4*n - 9. What is the tens digit of k(9)?
0
Suppose -2*z = 2*z - 4, -2*d + 3*z = -37. What is the units digit of d?
0
Let m(g) be the third derivative of g**5/30 - 7*g**4/24 - 41*g**3/6 + 30*g**2. What is the hundreds digit of m(-7)?
1
What is the units digit of 795/2*(4 + 48/(-30))?
4
Suppose -4*m + 3331 + 153 = 0. What is the tens digit of m?
7
Suppose 4*z = -0*z + 5*m + 1905, 5*m = -5. What is the hundreds digit of z?
4
Suppose 2*s + 2*b - b = 522, 2*s - b - 522 = 0. Suppose -20*a + s = -19*a. What is the hundreds digit of a?
2
Suppose -345 = -p + 6*r - 2*r, -2 = -2*r. What is the tens digit of p?
4
Suppose 0 = -70*h + 61*h + 2493. What is the hundreds digit of h?
2
Let z(r) be the first derivative of -r**3/3 + 5*r**2 - 5*r - 5. Let d be z(9). Let i(n) = -n**2 + 6*n + 2. What is the units digit of i(d)?
0
Suppose -5259 = -4*q + 5*b, -1328 = -2*q - 4*b + 1334. What is the thousands digit of q?
1
Let r(y) = 196*y - 136. What is the tens digit of r(20)?
8
Let p(f) = -5 - 4 + f**2 + 9 - 8*f. Let j be p(8). Suppose j = 2*v + 5 - 21. What is the units digit of v?
8
Let q(i) = i**3 + 14*i**2 - 16*i - 11. Let g be q(-15). Suppose -f + g = 3*x, -3*f - 2*x - 12 = -6*f. What is the units digit of 3/((-12)/(-88)) + f?
6
Let x(y) = -y**2 - 4*y + 3. Let v be x(2). Suppose -72 = -4*r + 5*j - 2*j, -5*j + 62 = 2*r. Let a = r + v. What is the tens digit of a?
1
Suppose 3*a + 4*x = -60, 8 = 2*a + 2*x + 46. What is the units digit of (-14 - -8)/(6/a)?
6
Suppose -68172 = -34*r - 23*r. What is the tens digit of r?
9
Suppose 5*d - t - 4*t = -55, -2*d + 3*t - 19 = 0. What is the units digit of 8/d + (-358)/(-14)?
5
Suppose -2*d + 5*y = -0*d + 12, 0 = -2*y + 8. Suppose -3*h + 46 = -d*h. What is the tens digit of (-5)/10 + h/(-4)?
1
Let j(d) = d + 137. Let a be j(0). Let s = a - 242. What is the units digit of s/14*24/(-9)?
0
Let l = -11 - -14. Suppose -2*x - 17 = -d, 13 = -d + 2*d - l*x. What is the units digit of -2 + 4/(-4) + d?
2
Suppose 377 + 3 = 2*h. Let l = h + -101. What is the tens digit of l?
8
Suppose 0 = 6*r - r - 25. Suppose 3*z - 3*i - 57 = 0, -3*z + 4*i + 77 = 5*i. Let t = r + z. What is the tens digit of t?
2
Let p(y) = y - 2. Let d be p(-9). Let q = d + 13. What is the units digit of ((-5)/10)/(q/(-32))?
8
Suppose 3*q - 22*q + 494 = 0. What is the tens digit of q?
2
Let v be (-175)/(-63) - (-4)/18. Let g = 99 + v. What is the units digit of g?
2
Let y(j) = 2*j + 19. Let i(t) = -t**2 - 10*t - 9. Let k be i(-9). What is the tens digit of y(k)?
1
Let m(i) = -i**3 + 5*i**2 - 3*i - 3. Let x be m(3). Let k = x - -35. What is the tens digit of k?
4
Let v(d) be the third derivative of 3*d**6/20 - d**5/30 + d**4/24 - 6*d**2. Let m be v(1). What is the units digit of 2/m + (-45)/(-51)?
1
Let p(f) = 4*f**3 + 14*f**2 - f - 11. What is the tens digit of p(6)?
5
Let s(u) = -2*u - 11. Let q be 2*(-6 - (-4)/2). Let n be s(q). Suppose 3*v - 45 = -0*v - 3*i, -n*v = -i - 105. What is the units digit of v?
0
Let g be ((-9)/(-6))/(16/(-544)). Suppose -3*v - 85 = -4*v. Let h = g + v. What is the tens digit of h?
3
Suppose 0 = 2*u + 5*r - 6 + 3, -r - 17 = -4*u. Suppose n - 3 + 0 = 0. Suppose n*p - 4*o = 127, -o - o - 156 = -u*p. What is the units digit of p?
7
Let i(c) = -35*c - 2. Let p be i(-1). Let r = 43 + p. What is the units digit of r?
6
Let k(z) = z**2 - 14*z + 13. Let x be k(14). Suppose -105 = -x*h + 10*h. What is the tens digit of h?
3
Suppose 51 - 2483 = -8*i. Suppose -2*m - i = -4*m - 3*n, -2*m + n = -296. What is the hundreds digit of m?
1
Let r be ((-2)/(-1) - (-60)/(-24))*-8. Suppose -2*i + 2*s - 145 = -485, -r*s = 4*i - 720. What is the hundreds digit of i?
1
Let b be 5/(-10) + 1/2. Let g be 34 + (5 - 3 - 6). Suppose b = -o + 40 - g. What is the tens digit of o?
1
Let b(t) = -2*t + 12. Let x be b(0). Let f(q) = 3 + 0*q**3 - 6*q + 18*q**2 - 13 + x*q - 2*q**3. What is the tens digit of f(9)?
4
Suppose -6*l = -4*l - 160. What is the hundreds digit of 8848/l - ((-4)/(-5))/(-2)?
1
Let h(p) = -5*p**3 + 5*p**2 + 5*p - 10. Let n(y) = -6*y**3 + 5*y**2 + 6*y - 10. Let w(v) = -5*h(v) + 4*n(v). What is the units digit of w(5)?
5
Suppose 2*j - 240 - 402 = -4*l, -3*j + 5*l = -919. What is the hundreds digit of j?
3
Let w be (0/(3/(0 + -1)))/2. Suppose w = 5*c, 2*c = -3*m + 10 + 5. What is the units digit of m?
5
Let r(u) = 2*u**3 - 6*u**2 + 7*u + 12. Let b(f) = -5*f**3 + 11*f**2 - 15*f - 24. Let g(y) = -3*b(y) - 7*r(y). What is the tens digit of g(-8)?
8
Let h = -19 - -24. Suppose 5*p - h = 0, p + 49 = -2*c - 2*p. What is the units digit of (-214)/(-4) - (-39)/c?
2
What is the thousands digit of (5/2)/((-80)/(-47968))?
1
Let f be 12/5 + (-4)/10. Let i be 0 + (1 - f - 2). Let r = i - -8. What is the units digit of r?
5
Let l(d) = -9 + 12*d + 7*d - 11*d. What is the tens digit of l(3)?
1
Suppose 8*w - 11*w = -75. What is the units digit of w?
5
Suppose 2*y = 7*y + 80. What is the tens digit of (y/(-4) - -61) + -3?
6
Let o = -3135 - -4588. What is the units digit of o?
3
Suppose 686 = o - 12*l + 17*l, -l - 1372 = -2*o. What is the hundreds digit of o?
6
Let i = 708 - 288. What is the tens digit of i?
2
Let i be (-30)/(-45) - (104/(-6))/(-2). What is the hundreds digit of (6/i)/(5 - 921/184)?
1
Suppose -5*b + 36 = -4. Suppose -2*i + b = -i - 5*x, 32 = -5*i + x. Let o = i - -36. What is the tens digit of o?
2
Let j(p) = 6*p**2 + 2*p + 6. Let t be j(6). Suppose -b = -z - t, 2*z - 872 = -5*b + 333. What is the tens digit of b?
3
Let f(n) be the first derivative of n**4/2 - 17*n**3/3 - 3*n**2 + 6*n - 9. What is the units digit of f(9)?
3
Let f be (-4)/(-26) - (-16536)/169. Suppose 0 = 4*v - f + 34. What is the units digit of v?
6
Suppose -3*o + 144 = 3*p, -6*p + 4*p - 96 = -2*o. What is the tens digit of o?
4
Let j(o) = 10*o**2 + 3*o - 3. Let k(c) = -29*c**2 - 9*c + 8. Let b(p) = -17*j(p) - 6*k(p). What is the units digit of b(-5)?
8
Suppose 0 = f - 0*f - 2. Let b be -1*f/6*-81. Suppose -o = 5*a + 4 - b, -3*a - 69 = -3*o. What is the units digit of o?
3
What is the tens digit of 1030906/1168 + (-3)/(-8)?
8
Suppose -5*y - 3*p + 25 = 0, 0 = 2*y - p + 4*p - 1. Suppose y*j + 765 = 11*j. What is the tens digit of j?
5
Let k = -57 + 32. Let c = 4 - k. Suppose 0 = -26*v + c*v - 36. What is the tens digit of v?
1
Let u = 11 - 12. Let l = u - -2. What is the units digit of (-2)/2 - (l - 4)?
2
Suppose 0*m = m + 60. What is the tens digit of m*(24/(-9) + 2)?
4
Let p(n) = -6*n + 28. Let q be p(14). Let b = 105 + q. What is the tens digit of b?
4
Suppose 0 = -30*w - 939 + 4149. What is the units digit of w?
7
Suppose 0 = -3*i - 4*j + 1847 + 1359, -3*i = -4*j - 3238. What is the tens digit of i?
7
Let q(m) = 10*m**2 + 25*m - 16. What is the hundreds digit of q(6)?
4
What is the tens digit of -58*(3/6 - 6)?
1
Let j(y) = 2*y**2 + 47*y + 6. Let g be j(-26). Suppose -19*u + 15*u = -g. What is the units digit of u?
4
Suppose -6*s + 1895 + 1507 = 0. What is the tens digit of s?
6
Suppose -17*x + p + 2158 = -14*x, 5*p + 1456 = 2*x. What is the units digit of x?
8
Suppose 0 = g + 5*p - 831, 4*g - 277 = -3*p + 3047. Suppose 8*v = g + 297. What is the hundreds digit of v?
1
Suppose -4*q + 827 - 659 = 0. What is the units digit of q?
2
What is the hundreds digit of (8/24)/(-1)*-9423 - -2?
1
Suppose -17*n + 16*n = i - 681, -3*n + i = -2027. What is the units digit of n?
7
Suppose 3*u - 7361 = -s, -4*u + 4*s = -8*u + 9812. What is the hundreds digit of u?
4
Suppose 74 = -2*s + 14. Let v = s + 10. Let f = v + 34. What is the tens digit of f?
1
Suppose -2 = 3*c - 5. Let y be (0 - -5)*(c + 0). Suppose 4*a - 140 = -4*x, 4*x - 44 = y*a + 51. What is the tens digit of 